{"id":8497,"date":"2022-01-26T22:37:12","date_gmt":"2022-01-26T22:37:12","guid":{"rendered":"https:\/\/citasonline.soyarmandofit.com\/index.php\/preguntas-frecuentes\/"},"modified":"2022-01-26T22:37:12","modified_gmt":"2022-01-26T22:37:12","slug":"preguntas-frecuentes","status":"publish","type":"page","link":"https:\/\/citasonline.soyarmandofit.com\/index.php\/preguntas-frecuentes\/","title":{"rendered":"Preguntas Frecuentes"},"content":{"rendered":"<div  class=\"ewd-ufaq-faq-list ewd-ufaq-page-type-distinct\" id='ewd-ufaq-faq-list'>\n\n\t<input type='hidden' name='show_on_load' value='' id='ewd-ufaq-show-on-load' \/>\n<input type='hidden' name='include_category' value='' id='ewd-ufaq-include-category' \/>\n<input type='hidden' name='exclude_category' value='' id='ewd-ufaq-exclude-category' \/>\n<input type='hidden' name='orderby' value='date' id='ewd-ufaq-orderby' \/>\n<input type='hidden' name='order' value='asc' id='ewd-ufaq-order' \/>\n<input type='hidden' name='post_count' value='-1' id='ewd-ufaq-post-count' \/>\n<input type='hidden' name='current_url' value='\/index.php\/wp-json\/wp\/v2\/pages\/8497' id='ewd-ufaq-current-url' \/>\n\t\n\t\n\t<div class='ewd-ufaq-faqs'>\n\n\t\t<div  class=\"ewd-ufaq-faq-div ewd-ufaq-faq-column-count-one ewd-ufaq-faq-responsive-columns- ewd-ufaq-faq-display-style-default ewd-ufaq-can-be-toggled\" id='ewd-ufaq-post-8487-ETgIm1YgAv' data-post_id='8487'>\n\n\t<div class='ewd-ufaq-faq-title ewd-ufaq-faq-toggle'>\n\t\n\t<a class='ewd-ufaq-post-margin'  href='#'>\n\n\t\t<div class='ewd-ufaq-post-margin-symbol ewd-ufaq-'>\n\t\t\t<span >a<\/span>\n\t\t<\/div>\n\n\t\t<div class='ewd-ufaq-faq-title-text'>\n\n\t\t\t<h4>\n\t\t\t\t\u00bfPor qu\u00e9 hacemos consultas de nutrici\u00f3n online?\t\t\t<\/h4>\n\n\t\t<\/div>\n\n\t\t<div class='ewd-ufaq-clear'><\/div>\n\n\t<\/a>\n\t\n<\/div>\n\t\n\t<div class='ewd-ufaq-faq-body ewd-ufaq-hidden' >\n\n\t\t\n\t\t\t\n\t\t\n\t\t\t<div class='ewd-ufaq-post-margin ewd-ufaq-faq-post'>\n\tMuchas personas no tienen el tiempo de asistir a los consultorios por muchas razones o se encuentran lejos de Miami, y es por ello, que te ofrezco la misma atenci\u00f3n personalizada como coach de nutrici\u00f3n, entrenamiento y de vida de forma online como la recibir\u00edas en alguno de mis 2 consultorios con la diferencia de estar en la comodidad de tu casa, oficina, etc. Necesitar\u00e1s una computadora, tablet o tel\u00e9fono celular con conexi\u00f3n a internet para hacer tu consulta online y listo.<\/div>\n\t\t\n\t\t\t\n\t\t\n\t\t\t\n\t\t\n\t\t\t\n\t\t\n\t\t\t\n\t\t\n\t\t\t\n\t\t\n\t\t\t\n\t\t\n\t\t\t\n\t\t\n\t\t\t\n\t\t\n\t<\/div>\n\n<\/div><div  class=\"ewd-ufaq-faq-div ewd-ufaq-faq-column-count-one ewd-ufaq-faq-responsive-columns- ewd-ufaq-faq-display-style-default ewd-ufaq-can-be-toggled\" id='ewd-ufaq-post-8488-NnmJEY2G73' data-post_id='8488'>\n\n\t<div class='ewd-ufaq-faq-title ewd-ufaq-faq-toggle'>\n\t\n\t<a class='ewd-ufaq-post-margin'  href='#'>\n\n\t\t<div class='ewd-ufaq-post-margin-symbol ewd-ufaq-'>\n\t\t\t<span >a<\/span>\n\t\t<\/div>\n\n\t\t<div class='ewd-ufaq-faq-title-text'>\n\n\t\t\t<h4>\n\t\t\t\t\u00bfEs igual que una consulta presencial?\t\t\t<\/h4>\n\n\t\t<\/div>\n\n\t\t<div class='ewd-ufaq-clear'><\/div>\n\n\t<\/a>\n\t\n<\/div>\n\t\n\t<div class='ewd-ufaq-faq-body ewd-ufaq-hidden' >\n\n\t\t\n\t\t\t\n\t\t\n\t\t\t<div class='ewd-ufaq-post-margin ewd-ufaq-faq-post'>\n\t<p>Claro que s\u00ed. Todos mis pacientes atendidos de manera personal u online son importantes para mi, porque formo con cada uno de ellos un equipo de trabajo donde compartimos la misma meta y hacemos el recorrido juntos para lograrla. Como equipo de trabajo, necesito que antes de cada consulta te tomes tus medidas, pero no te preocupes, es super f\u00e1cil, yo te explicar\u00e9 c\u00f3mo hacerlo. Algo muy importante, necesitas una cinta m\u00e9trica y una balanza para pesarte y si no la tienes, te recomendar\u00e9 una.<\/p>\n<\/div>\n\t\t\n\t\t\t\n\t\t\n\t\t\t\n\t\t\n\t\t\t\n\t\t\n\t\t\t\n\t\t\n\t\t\t\n\t\t\n\t\t\t\n\t\t\n\t\t\t\n\t\t\n\t\t\t\n\t\t\n\t<\/div>\n\n<\/div><div  class=\"ewd-ufaq-faq-div ewd-ufaq-faq-column-count-one ewd-ufaq-faq-responsive-columns- ewd-ufaq-faq-display-style-default ewd-ufaq-can-be-toggled\" id='ewd-ufaq-post-8489-uiCmXYeyKr' data-post_id='8489'>\n\n\t<div class='ewd-ufaq-faq-title ewd-ufaq-faq-toggle'>\n\t\n\t<a class='ewd-ufaq-post-margin'  href='#'>\n\n\t\t<div class='ewd-ufaq-post-margin-symbol ewd-ufaq-'>\n\t\t\t<span >a<\/span>\n\t\t<\/div>\n\n\t\t<div class='ewd-ufaq-faq-title-text'>\n\n\t\t\t<h4>\n\t\t\t\t\u00bfEn qu\u00e9 consiste la primera consulta?\t\t\t<\/h4>\n\n\t\t<\/div>\n\n\t\t<div class='ewd-ufaq-clear'><\/div>\n\n\t<\/a>\n\t\n<\/div>\n\t\n\t<div class='ewd-ufaq-faq-body ewd-ufaq-hidden' >\n\n\t\t\n\t\t\t\n\t\t\n\t\t\t<div class='ewd-ufaq-post-margin ewd-ufaq-faq-post'>\n\t<p>En nuestra primera consulta online llenaremos un cuestionario cl\u00ednico de preguntas sobre tu salud y alimentaci\u00f3n: Tendremos una entrevista de aproximadamente 45 minutos para conversar sobre tus h\u00e1bitos, gustos, actividad f\u00edsica, qu\u00e9 es y c\u00f3mo se transforma tu metabolismo, comentaremos datos que haya observado como puntos a mejorar u oportunidades para implementar la estrategia que estaremos trabajando; te explicar\u00e9 los tipos de planes de alimentaci\u00f3n, entrenamiento y life coaching. Te aseguro que encontraremos por d\u00f3nde vamos a comenzar. Durante la consulta tambi\u00e9n te explicar\u00e9 los cambios que tendremos en tu nuevo plan de alimentaci\u00f3n, el cual enviar\u00e9 a tu correo a las 24 horas de tu cita.<\/p>\n<\/div>\n\t\t\n\t\t\t\n\t\t\n\t\t\t\n\t\t\n\t\t\t\n\t\t\n\t\t\t\n\t\t\n\t\t\t\n\t\t\n\t\t\t\n\t\t\n\t\t\t\n\t\t\n\t\t\t\n\t\t\n\t<\/div>\n\n<\/div><div  class=\"ewd-ufaq-faq-div ewd-ufaq-faq-column-count-one ewd-ufaq-faq-responsive-columns- ewd-ufaq-faq-display-style-default ewd-ufaq-can-be-toggled\" id='ewd-ufaq-post-8490-hdOJKGn1Zo' data-post_id='8490'>\n\n\t<div class='ewd-ufaq-faq-title ewd-ufaq-faq-toggle'>\n\t\n\t<a class='ewd-ufaq-post-margin'  href='#'>\n\n\t\t<div class='ewd-ufaq-post-margin-symbol ewd-ufaq-'>\n\t\t\t<span >a<\/span>\n\t\t<\/div>\n\n\t\t<div class='ewd-ufaq-faq-title-text'>\n\n\t\t\t<h4>\n\t\t\t\t\u00bfTengo que hacer alg\u00fan estudio especial antes de venir a la consulta?\t\t\t<\/h4>\n\n\t\t<\/div>\n\n\t\t<div class='ewd-ufaq-clear'><\/div>\n\n\t<\/a>\n\t\n<\/div>\n\t\n\t<div class='ewd-ufaq-faq-body ewd-ufaq-hidden' >\n\n\t\t\n\t\t\t\n\t\t\n\t\t\t<div class='ewd-ufaq-post-margin ewd-ufaq-faq-post'>\n\t<p>Si cuentas con alg\u00fan estudio reciente o alg\u00fan tipo de historial m\u00e9dico previo ser\u00e1 de gran utilidad que acudas con ellos, si no tiene una vigencia mayor de 6 meses. En caso de requerir actualizar tus estudios o solicitar nuevos se te indicar\u00e1 en tu primera consulta. Si tienes los estudios digitales, env\u00edalos antes de tu consulta al email: consultas@soyarmandofit.com<\/p>\n<\/div>\n\t\t\n\t\t\t\n\t\t\n\t\t\t\n\t\t\n\t\t\t\n\t\t\n\t\t\t\n\t\t\n\t\t\t\n\t\t\n\t\t\t\n\t\t\n\t\t\t\n\t\t\n\t\t\t\n\t\t\n\t<\/div>\n\n<\/div><div  class=\"ewd-ufaq-faq-div ewd-ufaq-faq-column-count-one ewd-ufaq-faq-responsive-columns- ewd-ufaq-faq-display-style-default ewd-ufaq-can-be-toggled\" id='ewd-ufaq-post-8491-VScBsUPtBn' data-post_id='8491'>\n\n\t<div class='ewd-ufaq-faq-title ewd-ufaq-faq-toggle'>\n\t\n\t<a class='ewd-ufaq-post-margin'  href='#'>\n\n\t\t<div class='ewd-ufaq-post-margin-symbol ewd-ufaq-'>\n\t\t\t<span >a<\/span>\n\t\t<\/div>\n\n\t\t<div class='ewd-ufaq-faq-title-text'>\n\n\t\t\t<h4>\n\t\t\t\t\u00bfC\u00f3mo son las consultas de seguimiento?\t\t\t<\/h4>\n\n\t\t<\/div>\n\n\t\t<div class='ewd-ufaq-clear'><\/div>\n\n\t<\/a>\n\t\n<\/div>\n\t\n\t<div class='ewd-ufaq-faq-body ewd-ufaq-hidden' >\n\n\t\t\n\t\t\t\n\t\t\n\t\t\t<div class='ewd-ufaq-post-margin ewd-ufaq-faq-post'>\n\t<p>Durante las consultas de seguimiento, iremos haciendo los ajustes necesarios de acuerdo a tus resultados (ya que previamente me has enviado tus nuevas medidas y peso), haremos sesi\u00f3n de preguntas y respuestas, sugerencia de agregar alimentos nuevos o variaci\u00f3n de los ejercicios. Si lo permites, env\u00edame fotos para ir haciendo un \u00e1lbum (totalmente confidencial) de tus cambios y progresos. A partir de la primera consulta debemos vernos cada 15 d\u00edas a 3 semanas para tus seguimientos.<\/p>\n<\/div>\n\t\t\n\t\t\t\n\t\t\n\t\t\t\n\t\t\n\t\t\t\n\t\t\n\t\t\t\n\t\t\n\t\t\t\n\t\t\n\t\t\t\n\t\t\n\t\t\t\n\t\t\n\t\t\t\n\t\t\n\t<\/div>\n\n<\/div><div  class=\"ewd-ufaq-faq-div ewd-ufaq-faq-column-count-one ewd-ufaq-faq-responsive-columns- ewd-ufaq-faq-display-style-default ewd-ufaq-can-be-toggled\" id='ewd-ufaq-post-8492-KYyxrm8Lp2' data-post_id='8492'>\n\n\t<div class='ewd-ufaq-faq-title ewd-ufaq-faq-toggle'>\n\t\n\t<a class='ewd-ufaq-post-margin'  href='#'>\n\n\t\t<div class='ewd-ufaq-post-margin-symbol ewd-ufaq-'>\n\t\t\t<span >a<\/span>\n\t\t<\/div>\n\n\t\t<div class='ewd-ufaq-faq-title-text'>\n\n\t\t\t<h4>\n\t\t\t\t\u00bfQui\u00e9n puede asistir a mi consulta?\t\t\t<\/h4>\n\n\t\t<\/div>\n\n\t\t<div class='ewd-ufaq-clear'><\/div>\n\n\t<\/a>\n\t\n<\/div>\n\t\n\t<div class='ewd-ufaq-faq-body ewd-ufaq-hidden' >\n\n\t\t\n\t\t\t\n\t\t\n\t\t\t<div class='ewd-ufaq-post-margin ewd-ufaq-faq-post'>\n\t<ul>\n<li>Personas en cualquier etapa de la vida que quieran ser m\u00e1s saludables. Comenzando con la atenci\u00f3n de ni\u00f1os de 6 a\u00f1os en adelante.<\/li>\n<li>Personas con situaciones espec\u00edficas de salud: Di\u00e1betes, obesidad m\u00f3rbida, alteraciones en sangre a nivel hormonal o de grasas, presi\u00f3n arterial, problemas intestinales, es\u00f3fago de Barret, problemas gastro-intestinales, etc.).<\/li>\n<li>Mujeres que planean o se encuentran embarazadas y quieren una adecuada nutrici\u00f3n para ellas y su beb\u00e9. Alimentaci\u00f3n y ejercicio post-parto.<\/li>\n<li>Personas que buscan obtener desarrollo y\/o definici\u00f3n muscular que realizan y requieran asesor\u00eda en entrenamiento\/nutrici\u00f3n deportiva.<\/li>\n<\/ul>\n<\/div>\n\t\t\n\t\t\t\n\t\t\n\t\t\t\n\t\t\n\t\t\t\n\t\t\n\t\t\t\n\t\t\n\t\t\t\n\t\t\n\t\t\t\n\t\t\n\t\t\t\n\t\t\n\t\t\t\n\t\t\n\t<\/div>\n\n<\/div><div  class=\"ewd-ufaq-faq-div ewd-ufaq-faq-column-count-one ewd-ufaq-faq-responsive-columns- ewd-ufaq-faq-display-style-default ewd-ufaq-can-be-toggled\" id='ewd-ufaq-post-8493-w71epYf1VW' data-post_id='8493'>\n\n\t<div class='ewd-ufaq-faq-title ewd-ufaq-faq-toggle'>\n\t\n\t<a class='ewd-ufaq-post-margin'  href='#'>\n\n\t\t<div class='ewd-ufaq-post-margin-symbol ewd-ufaq-'>\n\t\t\t<span >a<\/span>\n\t\t<\/div>\n\n\t\t<div class='ewd-ufaq-faq-title-text'>\n\n\t\t\t<h4>\n\t\t\t\t\u00bfMe van a dar alg\u00fan tipo de medicamento y\/o suplemento?\t\t\t<\/h4>\n\n\t\t<\/div>\n\n\t\t<div class='ewd-ufaq-clear'><\/div>\n\n\t<\/a>\n\t\n<\/div>\n\t\n\t<div class='ewd-ufaq-faq-body ewd-ufaq-hidden' >\n\n\t\t\n\t\t\t\n\t\t\n\t\t\t<div class='ewd-ufaq-post-margin ewd-ufaq-faq-post'>\n\t<p>Nuestro sistema de trabajo va enfocado a cambiar los h\u00e1bitos de alimentaci\u00f3n, lograr una educaci\u00f3n en nutrici\u00f3n e intentar incrementar la actividad f\u00edsica (es lo recomendable, pero s\u00f3lo si lo deseas) para lograr un impacto positivo en el estilo de vida; por lo tanto, si no lo veo necesario, no recomiendo ning\u00fan medicamento o suplementos para p\u00e9rdida de peso, de requerirlo, lo recomendaremos de acuerdo a tus condiciones de salud y edad.<\/p>\n<\/div>\n\t\t\n\t\t\t\n\t\t\n\t\t\t\n\t\t\n\t\t\t\n\t\t\n\t\t\t\n\t\t\n\t\t\t\n\t\t\n\t\t\t\n\t\t\n\t\t\t\n\t\t\n\t\t\t\n\t\t\n\t<\/div>\n\n<\/div><div  class=\"ewd-ufaq-faq-div ewd-ufaq-faq-column-count-one ewd-ufaq-faq-responsive-columns- ewd-ufaq-faq-display-style-default ewd-ufaq-can-be-toggled\" id='ewd-ufaq-post-8494-t3xQGYpOgG' data-post_id='8494'>\n\n\t<div class='ewd-ufaq-faq-title ewd-ufaq-faq-toggle'>\n\t\n\t<a class='ewd-ufaq-post-margin'  href='#'>\n\n\t\t<div class='ewd-ufaq-post-margin-symbol ewd-ufaq-'>\n\t\t\t<span >a<\/span>\n\t\t<\/div>\n\n\t\t<div class='ewd-ufaq-faq-title-text'>\n\n\t\t\t<h4>\n\t\t\t\t\u00bfCu\u00e1nto me tardo en bajar de peso?\t\t\t<\/h4>\n\n\t\t<\/div>\n\n\t\t<div class='ewd-ufaq-clear'><\/div>\n\n\t<\/a>\n\t\n<\/div>\n\t\n\t<div class='ewd-ufaq-faq-body ewd-ufaq-hidden' >\n\n\t\t\n\t\t\t\n\t\t\n\t\t\t<div class='ewd-ufaq-post-margin ewd-ufaq-faq-post'>\n\t<p>La respuesta es relativa porque no solamente va a depender de las recomendaciones que voy a darte para tu importante cambio, sin\u00f3 que esto requiere de tu esfuerzo, paciencia, constancia, disciplina y tiempo que le dediques a aprender y a modificar tus h\u00e1bitos. La idea es crear tu nuevo estilo de vida. Todos tenemos un metabolismo diferente que hace que los resultados entre unos y otros sean distintos, eso no significa que no alcances tus objetivos.<\/p>\n<\/div>\n\t\t\n\t\t\t\n\t\t\n\t\t\t\n\t\t\n\t\t\t\n\t\t\n\t\t\t\n\t\t\n\t\t\t\n\t\t\n\t\t\t\n\t\t\n\t\t\t\n\t\t\n\t\t\t\n\t\t\n\t<\/div>\n\n<\/div><div  class=\"ewd-ufaq-faq-div ewd-ufaq-faq-column-count-one ewd-ufaq-faq-responsive-columns- ewd-ufaq-faq-display-style-default ewd-ufaq-can-be-toggled\" id='ewd-ufaq-post-8495-KVzM9UOzWI' data-post_id='8495'>\n\n\t<div class='ewd-ufaq-faq-title ewd-ufaq-faq-toggle'>\n\t\n\t<a class='ewd-ufaq-post-margin'  href='#'>\n\n\t\t<div class='ewd-ufaq-post-margin-symbol ewd-ufaq-'>\n\t\t\t<span >a<\/span>\n\t\t<\/div>\n\n\t\t<div class='ewd-ufaq-faq-title-text'>\n\n\t\t\t<h4>\n\t\t\t\t.\u00bfNo hay rebote con este plan de alimentaci\u00f3n?\t\t\t<\/h4>\n\n\t\t<\/div>\n\n\t\t<div class='ewd-ufaq-clear'><\/div>\n\n\t<\/a>\n\t\n<\/div>\n\t\n\t<div class='ewd-ufaq-faq-body ewd-ufaq-hidden' >\n\n\t\t\n\t\t\t\n\t\t\n\t\t\t<div class='ewd-ufaq-post-margin ewd-ufaq-faq-post'>\n\t<p>El efecto \u201crebote\u201d se provoca porque se logra la p\u00e9rdida de peso demasiado r\u00e1pido con dietas extremas y no saludables; se pierde m\u00e1s masa muscular que grasa, por eso es que nosotros no ocupamos esas t\u00e9cnicas poco respetables. Este efecto sucede cuando no hemos asumido que este es un compromiso con uno mismo, que es un proceso que incluye constancia, paciencia y esfuerzo por t\u00fa parte en aplicar las herramientas y conocimientos adquiridos en este recorrido juntos. Lo m\u00e1s dif\u00edcil es arracar y ya eso lo tienes ganado porque estas leyendo todo esto, lo dem\u00e1s es ense\u00f1ar a tu cerebro a cambiar esos viejos h\u00e1bitos que no te dejan ser QUIEN TU QUIERES SER.<\/p>\n<\/div>\n\t\t\n\t\t\t\n\t\t\n\t\t\t\n\t\t\n\t\t\t\n\t\t\n\t\t\t\n\t\t\n\t\t\t\n\t\t\n\t\t\t\n\t\t\n\t\t\t\n\t\t\n\t\t\t\n\t\t\n\t<\/div>\n\n<\/div><div  class=\"ewd-ufaq-faq-div ewd-ufaq-faq-column-count-one ewd-ufaq-faq-responsive-columns- ewd-ufaq-faq-display-style-default ewd-ufaq-can-be-toggled\" id='ewd-ufaq-post-8496-0z8HcycZCE' data-post_id='8496'>\n\n\t<div class='ewd-ufaq-faq-title ewd-ufaq-faq-toggle'>\n\t\n\t<a class='ewd-ufaq-post-margin'  href='#'>\n\n\t\t<div class='ewd-ufaq-post-margin-symbol ewd-ufaq-'>\n\t\t\t<span >a<\/span>\n\t\t<\/div>\n\n\t\t<div class='ewd-ufaq-faq-title-text'>\n\n\t\t\t<h4>\n\t\t\t\t\u00bfCu\u00e1l es el costo de cada consulta?\t\t\t<\/h4>\n\n\t\t<\/div>\n\n\t\t<div class='ewd-ufaq-clear'><\/div>\n\n\t<\/a>\n\t\n<\/div>\n\t\n\t<div class='ewd-ufaq-faq-body ewd-ufaq-hidden' >\n\n\t\t\n\t\t\t\n\t\t\n\t\t\t<div class='ewd-ufaq-post-margin ewd-ufaq-faq-post'>\n\t<p>Despu\u00e9s de tu primera consulta GRATIS. Si deseas continuar cada consulta de seguimiento tiene un costo de ochenta d\u00f3lares americanos \u00a0<strong>$80.00<\/strong>, las cuales deben ser canceladas previo a la misma. El costo de los suplementos depender\u00e1 cu\u00e1l necesites, si es que lo necesitas. El costo de ex\u00e1menes de laboratorio correr\u00e1 por cuenta de cada paciente.<\/p>\n\n\n<p><\/p>\n<\/div>\n\t\t\n\t\t\t\n\t\t\n\t\t\t\n\t\t\n\t\t\t\n\t\t\n\t\t\t\n\t\t\n\t\t\t\n\t\t\n\t\t\t\n\t\t\n\t\t\t\n\t\t\n\t\t\t\n\t\t\n\t<\/div>\n\n<\/div><div  class=\"ewd-ufaq-faq-div ewd-ufaq-faq-column-count-one ewd-ufaq-faq-responsive-columns- ewd-ufaq-faq-display-style-default ewd-ufaq-can-be-toggled\" id='ewd-ufaq-post-8618-FWvDuOi1Bt' data-post_id='8618'>\n\n\t<div class='ewd-ufaq-faq-title ewd-ufaq-faq-toggle'>\n\t\n\t<a class='ewd-ufaq-post-margin'  href='#'>\n\n\t\t<div class='ewd-ufaq-post-margin-symbol ewd-ufaq-'>\n\t\t\t<span >a<\/span>\n\t\t<\/div>\n\n\t\t<div class='ewd-ufaq-faq-title-text'>\n\n\t\t\t<h4>\n\t\t\t\t\u00bfQu\u00e9 formas de pago puedo utilizar?\t\t\t<\/h4>\n\n\t\t<\/div>\n\n\t\t<div class='ewd-ufaq-clear'><\/div>\n\n\t<\/a>\n\t\n<\/div>\n\t\n\t<div class='ewd-ufaq-faq-body ewd-ufaq-hidden' >\n\n\t\t\n\t\t\t\n\t\t\n\t\t\t<div class='ewd-ufaq-post-margin ewd-ufaq-faq-post'>\n\t\n<p>Puedes realizar tus pagos mediante tarjeta de cr\u00e9dito o d\u00e9bito, transferencias por Zelle, CashApp y PayPal.<\/p>\n<\/div>\n\t\t\n\t\t\t\n\t\t\n\t\t\t\n\t\t\n\t\t\t\n\t\t\n\t\t\t\n\t\t\n\t\t\t\n\t\t\n\t\t\t\n\t\t\n\t\t\t\n\t\t\n\t\t\t\n\t\t\n\t<\/div>\n\n<\/div>\n\t<\/div>\n\n\t\n<\/div>","protected":false},"excerpt":{"rendered":"<p>A \u00bfQu\u00e9 formas de pago puedo utilizar? Puedes realizar tus pagos mediante tarjeta de cr\u00e9dito o d\u00e9bito, transferencias por Zelle,<\/p>\n","protected":false},"author":1,"featured_media":0,"parent":0,"menu_order":0,"comment_status":"closed","ping_status":"closed","template":"","meta":{"footnotes":""},"class_list":["post-8497","page","type-page","status-publish","hentry"],"_links":{"self":[{"href":"https:\/\/citasonline.soyarmandofit.com\/index.php\/wp-json\/wp\/v2\/pages\/8497","targetHints":{"allow":["GET"]}}],"collection":[{"href":"https:\/\/citasonline.soyarmandofit.com\/index.php\/wp-json\/wp\/v2\/pages"}],"about":[{"href":"https:\/\/citasonline.soyarmandofit.com\/index.php\/wp-json\/wp\/v2\/types\/page"}],"author":[{"embeddable":true,"href":"https:\/\/citasonline.soyarmandofit.com\/index.php\/wp-json\/wp\/v2\/users\/1"}],"replies":[{"embeddable":true,"href":"https:\/\/citasonline.soyarmandofit.com\/index.php\/wp-json\/wp\/v2\/comments?post=8497"}],"version-history":[{"count":0,"href":"https:\/\/citasonline.soyarmandofit.com\/index.php\/wp-json\/wp\/v2\/pages\/8497\/revisions"}],"wp:attachment":[{"href":"https:\/\/citasonline.soyarmandofit.com\/index.php\/wp-json\/wp\/v2\/media?parent=8497"}],"curies":[{"name":"wp","href":"https:\/\/api.w.org\/{rel}","templated":true}]}}